) + 7*y(c). Calculate a(w).
4
Let n(c) be the third derivative of c**5/60 + 3*c**4/4 + 23*c**3/6 + 5*c**2. Determine n(-16).
-9
Let f(c) = c + 0*c + 22 - 13*c + 2*c + 7*c. Determine f(7).
1
Let i(y) = -y**2 - 8*y + 11. Let z be i(-9). Let p(r) = r**3 - 5 - 11 + 15 + r - 2*r**2. Calculate p(z).
1
Suppose -14*n - 307 + 293 = 0. Let x(b) = -b**3 + 2*b**2 + 3*b + 2. Calculate x(n).
2
Suppose 29 = 2*k - 1. Let d be k/(-30)*(-1 + 1) + 3. Let r(c) be the first derivative of c**3/3 - 3*c**2/2 + 3*c + 1. Determine r(d).
3
Let z(g) be the third derivative of -g**5/60 - 7*g**4/24 - 5*g**3/6 + g**2 + 49. Suppose o + o + 12 = 0. Determine z(o).
1
Suppose -3*g - 4 = -1, 0 = -5*r - 4*g + 11. Let s(d) = 4*d - 2 + d - r*d + 1. What is s(2)?
3
Let n be (-14)/(-6)*21/7. Let q(d) = 1 - 5*d + 3*d + n + 3*d. Let f be q(-8). Let p(j) = -j**3 - j - 1. Determine p(f).
-1
Let v(n) = n**3 - 10*n**2 - 16*n + 16. Let l(b) = b**3 - 10*b**2 - 15*b + 14. Let a(r) = 3*l(r) - 2*v(r). Give a(11).
-12
Suppose -2 + 1 = -r. Let m(p) be the third derivative of 0*p**3 + 17/120*p**6 + 0 + 0*p**5 + 0*p**4 + 0*p - 12*p**2. Calculate m(r).
17
Let t(j) = 7*j**3 - 9*j**2 + 4*j - 3. Let s(y) = 9*y**3 - 9*y**2 + 3*y - 4. Let n(k) = 3*s(k) - 4*t(k). Determine n(8).
8
Suppose -8*w = -11*w - 12. Let m be (0 + -1)/((w/(-3))/(-4)). Let j(d) = -d**3 + 2*d**2 + 2*d + 3. Calculate j(m).
0
Suppose 3*n - 4 = 2. Let a(d) be the second derivative of -d**5/10 + d**4/6 - d**3/3 + d**2 + 25*d + 1. Give a(n).
-10
Let k(f) be the third derivative of 7*f**6/120 - f**4/12 - f**3/6 + 362*f**2. What is k(2)?
51
Let x(u) = -u**2 + 2*u + 2. Let c = 188 - 304. Let f = c - -121. Give x(f).
-13
Let s be (-104)/(-65) - 2/(-5). Suppose -3*d = 2*r + 4, 14 = -3*d + s. Let p(l) = -r*l - l**2 - l + 3*l + l**3. Determine p(2).
0
Let q(u) = -u - 2. Let m(f) = -f**2 + 11*f + 16. Let l be m(13). Let o be 30/(-9)*15/l. Determine q(o).
-7
Let f be (-10)/(-15) + ((-5)/12 - 0). Let h(y) be the first derivative of f*y**4 - 2 + 0*y - 1/3*y**3 + 1/2*y**2. Determine h(-2).
-14
Suppose c + 4 = -3*c. Let t(u) = -12*u + 1. Calculate t(c).
13
Let d(y) = 4*y - 3. Suppose 4*p - 167 = -3*z, -2*z + 214 = -2*p + 7*p. Suppose 0 = -4*a + 16 + p. Let o be (20/a)/((-4)/(-6)). Determine d(o).
5
Let m(l) = -8*l**2 - 82*l + 67*l + 10 + 7*l**2. Calculate m(-16).
-6
Let g(x) be the third derivative of x**4/24 + x**3 + 76*x**2. Determine g(-5).
1
Let v(c) = -2*c + 3. Let s be v(4). Let a(k) be the first derivative of -k**5/120 + 10*k**3/3 + 1. Let q(z) be the third derivative of a(z). Calculate q(s).
5
Let x(q) = -20*q**3 + 6*q**2 - 27*q - 35. Let f(u) = -11*u**3 + 3*u**2 - 14*u - 18. Let i(m) = 11*f(m) - 6*x(m). Calculate i(-4).
-4
Let z(t) = -2*t**2 + t + 6. Let x be z(0). Let s(u) = -u**3 - 4*u**2 + 5*u + 2. Let a be s(-5). Let y(o) = -9 - 2*o**2 + 0*o**a + 6*o + o**2. Give y(x).
-9
Let m(c) = 2*c**2 - 6*c + 3. Let w(x) = -x**3 + 3*x**2 - 7*x + 3. Let v(i) = 3*m(i) - 2*w(i). Suppose -4 = b - 3*b. Calculate v(b).
11
Let z(l) = 7*l - 7. Let a(d) = -3*d + 6. Let t(i) = -9*i + 19. Let h(p) = 7*a(p) - 2*t(p). Let m(q) = -5*h(q) - 2*z(q). Give m(6).
0
Let s = -218 - -213. Let n(d) = -d. What is n(s)?
5
Let b(i) be the third derivative of -i**6/15 + i**5/60 - 42*i**2. Calculate b(-1).
9
Let l(h) be the first derivative of h**3/6 + h**2/2 + 11*h + 11. Let j(q) be the first derivative of l(q). Calculate j(-7).
-6
Let w(q) = -2*q - 1. Suppose 35 = 4*y - 2*f - 21, 0 = f. Suppose -y - 10 = -4*j. Give w(j).
-13
Let a(o) = -3*o - 2 - 2*o + 0 + o**2. Let m be 7 - 3/(-6)*-2. Determine a(m).
4
Let u(w) = -3*w - 5. Let q = -36 + 17. Let d = -25 - q. Calculate u(d).
13
Let a(u) = -u**3 - 15*u**2 - 27*u - 7. Let r be (-6)/(-4)*(2 + (-128)/12). Let z be a(r). Let y(k) = -k**3 + 5*k**2 + 7*k - 7. Determine y(z).
-1
Let b(q) = q**3 + 10*q**2 + q - 2. Let t(u) = -u**3 - 9*u**2 - u + 2. Let o(a) = -3*b(a) - 4*t(a). Determine o(-6).
-8
Let d(k) = -k**2 + 9*k + 0*k - k - 6. Let x be (-391)/(-92) - (-9)/12. Determine d(x).
9
Let i(j) be the third derivative of -5*j**4/12 + 7*j**3/6 + 389*j**2. What is i(5)?
-43
Let h(w) be the first derivative of 2 - 5/12*w**4 + 1/2*w**3 - 1/20*w**5 - 4*w**2 + w. Let m(b) be the first derivative of h(b). Calculate m(-6).
10
Let c(o) = -10 - 14*o + 12*o + o. Give c(-11).
1
Suppose 7*d - 4*d - 10 = y, 15 = 2*y + d. Let a be 3 - y/((-25)/5). Let f(r) = -r**3 + 3*r**2 + 3*r. Give f(a).
-4
Let d be 0/(5 - 4 - -1). Let y(s) = 2*s - 2*s + s + s**2 - 2*s. What is y(d)?
0
Let d(x) = 27*x + 266. Let z be d(-10). Let u(j) = -j**2 - 2*j - 4. Give u(z).
-12
Let d be 2/8 + (-10638)/(-72). Let i = 148 - d. Let c(o) be the second derivative of o**4/12 + o**2 - o. Give c(i).
2
Suppose 0 = -78*q + 75*q + 21. Let g(c) = c**2 - 9*c + 10. Give g(q).
-4
Let k(i) = 26 + 15 - 4*i - 40. Determine k(1).
-3
Let g(l) be the first derivative of 2*l**2 + 19*l + 842. What is g(-7)?
-9
Suppose 0 = 3*u - 24 - 0. Suppose -11*p + 7*p - u = 0. Let g(s) = -s**3 + s**2 + s - 1. What is g(p)?
9
Let f(k) = k**3 - 4*k**2 + 4*k - 4. Let w(a) be the first derivative of -a**3/3 - 7*a**2/2 - 3*a + 4. Let m be w(-5). Suppose 0 = -3*c + 2 + m. Calculate f(c).
-1
Let a(p) be the second derivative of p - 1/3*p**3 + 7/2*p**2 + 0. Give a(6).
-5
Let p = -34 - -36. Let q(w) = -w**3 - w**3 - 4 + w**3 + 8*w**2 + p. Suppose 0 = 2*j - 3*g - 25, 28 = 2*j - 2*g - 2*g. Give q(j).
-2
Let p(i) be the first derivative of 3*i**2 - 1/4*i**4 + 7*i + 5/3*i**3 - 21. Determine p(6).
7
Let q(s) = -s**2 + s + 4. Let p be q(3). Let n(w) = 5*w**2 - 3*w**2 + 2*w**3 + 3*w - 15*w - 2 + 10*w. Calculate n(p).
-6
Suppose 60 = 5*u - 5*v + 30, -v = u - 2. Let c(j) = j**2 - 1. Give c(u).
15
Let v(p) = -35*p**2 + p**3 - 35*p**2 - 13*p + 107*p**2 - 10 - 31*p**2. Calculate v(-8).
-34
Let j be (12/((-15)/5))/2. Let l(q) be the first derivative of -q**4/2 - 4*q**3/3 - 2*q**2 - 2*q - 12. What is l(j)?
6
Let v(o) = 9*o - 32. Let p(t) = -3*t + 11. Let d(b) = 8*p(b) + 3*v(b). Give d(7).
13
Let y(r) = -2*r - 1 + 2 - 3. Suppose 5*t + 49 = -2*t. Let i be t/3 - -3 - (-11)/(-3). Give y(i).
4
Let s(d) be the third derivative of -d**5/60 + d**4/8 - d**3/2 - d**2. Let k(g) = 3*g - 3. Let y be k(2). Give s(y).
-3
Suppose 0*q - 3*q = 2*i + 56, 4*q = -4*i - 104. Let h be 42/(-4) + (-33)/i. Let z(f) = -f**2 - 9*f + 8. Determine z(h).
8
Let p be (-33)/132 - (-17)/4. Let b(o) = 8*o + 5. Give b(p).
37
Let f(w) = 6*w + 1. Let t = 3 + -4. Let z be (-11)/((-8)/4 - t). Suppose -4 = -7*y + z*y. Give f(y).
-5
Let k(y) = y**2 + 5*y + 8. Let w be k(-4). Let j be (-5)/15 + (-7)/(-3). Let h(m) = 5 - 9*m + 2*m + m**j + 0*m. Determine h(w).
-7
Let n(c) = -3*c**2 + 4*c + 6. Let f be n(-1). Let b(v) = -5*v + 1. Give b(f).
6
Let g = 56 - 59. Let d be 4/(-1) + g + 2. Let a(b) = b**2 + 5*b - 2. Give a(d).
-2
Let v(j) = 0*j + 2*j + 3 - 4*j + 4*j. Let y(d) = d**2 + 9*d + 5. Let k be y(-9). Calculate v(k).
13
Let c(r) = -3*r + 2. Suppose -p + 11 = 4*v, 0 = -8*p + 9*p + 1. Determine c(v).
-7
Let d be (2/4)/(2/20). Suppose -d*y + 4*q = -3*y - 6, -5*q - 8 = -3*y. Let j(s) = -s + 3 + 3 - 8*s**2 + 6*s**2 - 5. What is j(y)?
-2
Let z(o) be the third derivative of o**6/120 - o**5/4 - o**4/24 + 7*o**3/2 + 24*o**2 + 7. Determine z(15).
6
Let q be (2 - 9) + 3*(2 - 1). Let h(c) = 3*c**2 + 5*c + 6. What is h(q)?
34
Let a(h) = 6*h + 4. Let o be (0 - 6)/(7 + 34/(-4)). Calculate a(o).
28
Let v(m) be the third derivative of -m**6/120 + m**5/12 - m**4/6 - m**3/2 + m**2. Suppose 2*i + 16 = -46*l + 51*l, -4*i + 40 = 8*l. Give v(l).
-3
Suppose 0 = 2*p - 63 + 5. Let w = -32 + p. Let h be (0 - 4) + w/(-1). Let s(a) = 8*a**2 + 2*a + 1. What is s(h)?
7
Let q(f) = 2*f**2 + 10*f + 14. Let x be q(0). Let m(y) = -y**3 + 15*y**2 - 15*y. Determine m(x).
-14
Suppose 2*q - 15 - 7 = -5*t, -4*q - 4 = -2*t. Suppose 5*b = -5*m - 3 - 12, -5 = 5*b + 3*m. Let h(z) = -z**2 + z**3 - 5*z**b + 1 + 4*z**2. What is h(q)?
0
Let l(w) = w**3 - w**2 - w - 3. Let q be l(0). Suppose -4*c = -12*c + 40. Let y(x) = -3*x + 4*x - c*x - x. Give y(q).
15
Let s(g) = 33*g - g**2 - 67*g - 9 + 40*g. Calculate s(7).
-16
Suppose -v - 3*v = -5*d + 33, d + 3 = -4*v. Let x(s) = 0*s**2 - 3*s**2 - 6 + 11 + s**2 + 6*s. Give x(d).
-15
Let r = -29 - -31. Suppose -14 - r = 4*i. Let o(g) = -g**2 - 6*g - 2. What is o(i)?
6
Let f(y) = -y